59 is divided by n(1).
11
Let t = 24 - -95. Suppose -t*a + 172 = -115*a. What is the remainder when a is divided by 16?
11
Suppose -2*x + 4*x - c = 50, 2*c - 50 = -2*x. Calculate the remainder when x is divided by 2 + -1 + 2*3.
4
Suppose 1185*m - 1177*m = 544. Calculate the remainder when 131 is divided by m.
63
Let c = -25 + 28. Suppose d + x = 5, -c*d + 3*x = x - 15. Calculate the remainder when 16 is divided by d.
1
Let g(z) = -15*z - 7 + 27*z + 0 - 2. Calculate the remainder when g(5) is divided by 11.
7
Let r = -326 - -335. Calculate the remainder when 98 is divided by r.
8
Let t(a) = -a + 2. Let c be t(-6). Let f(x) = x**3 + 4*x**2 - x. Let u be f(3). Calculate the remainder when 37 is divided by u/c*(-8)/(-6).
7
Let s(a) = -a**3 - 3. Let d be s(-2). Suppose -3*q = -9, -3*c + d*q - 24 = -0. Calculate the remainder when 19 is divided by c + 8/4 - -11.
9
Suppose n + 112 = -3. Let f = n + 4. Let g = -43 - f. What is the remainder when g is divided by 35?
33
Calculate the remainder when 64 is divided by ((-3)/(-4))/(36/1056).
20
Suppose 126 = 34*l - 16*l. Let w(t) = 53*t + 35. Let f(y) = 18*y + 12. Let p(s) = -17*f(s) + 6*w(s). Calculate the remainder when p(l) is divided by 23.
21
Let o be 36/(-3)*1/(-3). Suppose 0*j = -o*j - 60. What is the remainder when 34 is divided by (0 - 0 - j) + -3?
10
What is the remainder when 238 is divided by 30/(-50) - (-166)/10?
14
Suppose 4*t = 5*g - 28, 0*g + 3*t = -4*g + 41. Let a be (-74)/8 + 2/8. Calculate the remainder when 31/(-2)*(a + 7) is divided by g.
7
Suppose 21 = 4*u + t, 19 = 4*u + 4*t - 17. Let o = -22 - -32. What is the remainder when o is divided by u?
2
Let d(o) = -2*o**3 + 1 - 3*o**3 + 4*o**3 - 2*o + 7*o. What is the remainder when d(-3) is divided by 3?
1
Let c(a) = a**3 - 6*a**2 + 2*a + 2. Let l be c(6). What is the remainder when 1138/l + 4/(-14) is divided by 26 - 1/(0 - 4/(-20))?
18
Suppose 4*r = 2*r + 5*p + 58, 0 = r - 3*p - 27. Calculate the remainder when r is divided by 7.
4
Let h(w) = 344*w**2 + 4*w. Let o be h(-4). Calculate the remainder when (o/12)/7 + (-1)/3 is divided by 11.
10
Suppose -4*v = 5*g - 28, -v - 2*g + 14 = v. Suppose -r = -v*a + 3*a + 199, -4*r = 3*a - 173. What is the remainder when a is divided by 18?
15
Let z = -403 + 613. Suppose h - 5*y + z = 4*h, -2*h + 140 = 5*y. What is the remainder when 82 is divided by (8/10)/(2/h)?
26
Let v = 67 + 82. Let x = v + -104. What is the remainder when x is divided by 24?
21
Let k = 32 + 67. Calculate the remainder when k is divided by 51.
48
Let p = 311 - 228. What is the remainder when p is divided by 21?
20
Suppose 12*y - 2196 - 156 = 0. Calculate the remainder when y is divided by 70.
56
Let v(f) = -f**2 - 13*f - 12. What is the remainder when 626 is divided by v(-3)?
14
Let n be (2 - 1)*(3 - (2 + -2)). Suppose 0 = -2*p + 2*t + 106, -31 - 158 = -3*p - n*t. What is the remainder when p is divided by 21?
16
Let o(b) = b + 8. Let m be o(-6). Let v(k) = -1 + 0*k**m - k**2 + k**2 + 2*k**2 + 3*k. What is the remainder when v(-4) is divided by 5?
4
Let x be 326/(-6) + (-1)/(18/(-6)). Let r = x - -75. What is the remainder when r is divided by 11?
10
Let s(t) = 16*t - 57. What is the remainder when s(10) is divided by 37?
29
Suppose 11*h - 269 = 6. Calculate the remainder when 30 is divided by h.
5
Let z = -8 + -46. Let c = -30 - z. Suppose 5*q = -0*p - 2*p + 215, 4*p = -q + 385. What is the remainder when p is divided by c?
23
Suppose -5*y + 29 = -3*n, -3*n + 8 = n + 5*y. Calculate the remainder when (-4)/12 + ((-644)/(-6) - n) is divided by 37.
36
Suppose -4*f + 5*f = 6. Let l(h) = 7*h - 9. Let r(c) = 8*c - 9. Let m(p) = 4*l(p) - 3*r(p). What is the remainder when m(6) is divided by f?
3
Suppose -297 = 5*n + 63. Let g be ((-2)/8)/(6/n). What is the remainder when 26 is divided by -18*((-3)/g)/2?
8
Calculate the remainder when 781 is divided by ((-2)/(-22) - 51440/(-440)) + -5.
109
Calculate the remainder when 2/(-3) - (3 + 1532/(-12)) is divided by 32.
28
Let i = 61 - 60. What is the remainder when 46 is divided by (0 - -23) + 1 + i?
21
Let h = 45 + -12. Suppose -2*v = v - l - 22, -2*v = 3*l - h. Calculate the remainder when 35 is divided by v.
8
Let x = -23 - -24. Let p be 8 + 3/x - 1. Calculate the remainder when 70 is divided by 4/p - 880/(-50).
16
Let g(x) = 2*x**2 + 6*x + 2. Let r be g(-4). Suppose -5*t = -d - 56, -4*t - 16*d + 39 = -11*d. Let h = t - r. What is the remainder when 1 is divided by h?
0
Let o(r) = r**2 + 10*r - 6. Let c be o(-8). Let y = 39 + c. Let s = 66 - 18. Calculate the remainder when s is divided by y.
14
Let p = -1087 - -1111. What is the remainder when 205 is divided by p?
13
Calculate the remainder when 32 is divided by (15 - (-377)/(-26))/((-1)/(-26)).
6
Let f be (-24)/(-180) + 56/30. Let j(h) = 11*h**2 + h - 6. What is the remainder when j(f) is divided by 24?
16
Suppose -5*z - 540 = -0*p - 3*p, 4*z + 887 = 5*p. What is the remainder when p is divided by 16?
15
Suppose -2035 = 22*x - 77*x. Calculate the remainder when 136 is divided by x.
25
Let o(a) = a**3 + 13*a**2 + 5*a - 1. Let h be o(-8). Suppose h*m - 278*m = 7. What is the remainder when 45 is divided by m?
3
Suppose -74*c + 112 + 776 = 0. What is the remainder when 849 is divided by c?
9
Let c(q) = -6*q**2 + 62*q - 17. Calculate the remainder when 9 is divided by c(10).
0
Suppose -6*l + 5*l = -3. Suppose 6*x = l*x + 18. Calculate the remainder when 26 is divided by ((-9)/(-2))/(x/12).
8
Calculate the remainder when (-461)/((-209)/22 - -9) is divided by 13.
12
Let j(h) = h**2 + 3*h + 2. Let a be j(-2). Suppose g - 2 - 1 = a. Suppose g*s = s + 10. What is the remainder when 12 is divided by s?
2
Let o(a) = 2*a**2 + 10*a - 11. What is the remainder when o(-11) is divided by 64?
57
Suppose 2*l - 6*l + 20 = 0. Suppose -w = 4*z - 711, 3*z - l*w - 693 = -131. What is the remainder when z is divided by 14?
11
Let g = 17 - 12. Let d(j) = -7 + 4*j**2 + 4*j**3 - 7*j**3 - 9*j**2 + 8*j + 4*j**3. What is the remainder when 65 is divided by d(g)?
32
Let l = -11 + 14. Let a(c) = -15*c + 2. What is the remainder when a(-5) is divided by l/((-3)/(-20)) - (-54 - -54)?
17
Let d = 13 - 11. Let s be d/((-3)/(180/8)). What is the remainder when (-3 - 7)/(6/s) is divided by 14?
11
Suppose -3*h + 4 = h. Suppose 5*v = 84 + h. Suppose 78 = 2*l + 4*m - 0*m, -3*l + 127 = 4*m. Calculate the remainder when l is divided by v.
15
Let m = 3 - -1. Calculate the remainder when 3 - (-3 - (-3 + 3)) is divided by m.
2
Let f = 19 + -26. Let o = f - -37. Calculate the remainder when 58 is divided by o.
28
Suppose -2*a - 11 = -j + 34, 0 = 4*j - 4*a - 172. Calculate the remainder when 156 is divided by j.
33
Suppose 100 = 4*w + 4*k, -w = -3*k + 2 - 31. Calculate the remainder when 295 is divided by w.
9
Suppose -5*k - 16 = 5*w - 3*w, -2*w - 2*k - 4 = 0. Let b(g) = 3*g**2 - 5*g - g**2 + 6*g. What is the remainder when 18 is divided by b(w)?
8
Calculate the remainder when 186 is divided by (-2 - (-14)/6)/((-6)/(-954)).
27
Suppose 0 = 7*i - 0*i + 154. Let d = i + 30. Calculate the remainder when 22 is divided by d.
6
Calculate the remainder when 328 is divided by (-60)/105 - (4280/(-28))/5.
28
What is the remainder when (35/(-28))/((-5)/1120) is divided by 127?
26
Suppose -4*c + 4*y - 23 + 75 = 0, 0 = 5*y + 25. What is the remainder when 34 is divided by c?
2
Let v = 1824 - 593. Calculate the remainder when v is divided by 88.
87
Suppose 42 = 3*a - 2*a. Let s = a + -28. Calculate the remainder when 95 is divided by s.
11
Suppose 0 = 72*v - 55*v - 119. Calculate the remainder when 37 is divided by v.
2
Suppose -4*c = -5*t + 12, t - 3*c = 2*c - 6. Suppose 6 = -3*s + t*s. What is the remainder when 70 is divided by 12/(2 - 8/s)?
16
Let w = 136 + 322. What is the remainder when w is divided by 21?
17
Calculate the remainder when 473 is divided by 27 - 14*(5 - 66/12).
31
Suppose -5*t = -9*t + 112. Suppose -9*f - t = -11*f. What is the remainder when 37 is divided by f?
9
Suppose 4*o - 125 = 123. Calculate the remainder when o is divided by 8.
6
Let d = -1162 + 1205. Let j be 5 + 0/(1 - 0). Suppose -j*i - 3 = -58. Calculate the remainder when d is divided by i.
10
Let f(z) = 18 - 3*z**3 + 15 - 5*z**2 - 7 + 4*z**3 - 7*z. What is the remainder when f(6) is divided by 11?
9
Let h be -19*